2 + 14*r + 195. Calculate l(5).
40
Let z(y) = 15*y**2 - 226*y - 2. What is z(17)?
491
Let r(n) = n**3 - 77*n**2 - 411*n + 119. What is r(82)?
37
Let q(p) = -566*p + 21514. Give q(38).
6
Let x(w) = -784*w - 18024. What is x(-23)?
8
Let v(m) = -m**3 + 18*m**2 + 46*m - 222. Calculate v(20).
-102
Let f(k) = 32*k**3 - 5*k**2 + 46*k - 43. Give f(1).
30
Let i(r) = 218*r + 18096. Give i(-83).
2
Let y(i) = 4*i**3 - 878*i**2 + 3022*i + 439. Calculate y(216).
7
Let a(p) = 2143*p - 12852. What is a(6)?
6
Let m(c) = 162*c + 412. What is m(-2)?
88
Let w(c) = 4*c**2 - 50*c - 253. What is w(16)?
-29
Let z(o) = -o**3 - 19*o**2 + 115*o - 127. Determine z(-24).
-7
Let h(z) = z**2 + 14*z - 644. What is h(19)?
-17
Let r(j) = -8*j + 138. Determine r(16).
10
Let v(y) = 389*y + 5794. Calculate v(-15).
-41
Let w(n) = -2*n**3 - 48*n**2 - 65*n + 1279. Give w(-21).
-2
Let u(b) = -282*b - 6758. Calculate u(-24).
10
Let f(o) = -6*o**2 + 216*o - 874. Calculate f(4).
-106
Let i(z) = -13*z - 40. Determine i(9).
-157
Let d(x) = -x**3 - 2*x**2 + 2*x - 51. Calculate d(-5).
14
Let i(a) = 49*a - 2777. Calculate i(54).
-131
Let z(x) = -20*x - 97. Give z(-8).
63
Let q(o) = -2*o**3 + 42*o**2 - 43*o + 75. Determine q(20).
15
Let j(y) = 16*y**3 - 607*y**2 - 40*y + 70. Determine j(38).
-6
Let k(p) = p**3 + 77*p**2 - 170*p - 944. Calculate k(-79).
4
Let c(l) = -18*l**2 - 25*l + 88. Calculate c(3).
-149
Let l(p) = 16*p - 731. Calculate l(44).
-27
Let f(k) = k**2 - 15*k + 27. What is f(9)?
-27
Let k(r) = r**3 - 48*r**2 - 66*r + 864. What is k(49)?
31
Let a(r) = 3*r**2 + 13*r + 18. What is a(8)?
314
Let t(j) = -9*j**3 + 1314*j**2 + 1321*j + 304. Determine t(147).
10
Let g(n) = 65*n - 5526. Give g(85).
-1
Let r(z) = z**2 + 11*z - 81. Calculate r(-14).
-39
Let t(k) = k**3 - 4*k**2 - 19*k + 38. Determine t(7).
52
Let x(m) = -628*m - 27625. Give x(-44).
7
Let f(r) = 2*r**3 - 46*r**2 - 8*r + 232. Give f(23).
48
Let w(r) = r**3 + 14*r**2 + 17*r + 54. What is w(-13)?
2
Let a(c) = 842*c - 970. Determine a(1).
-128
Let c(p) = -p**3 + 12*p**2 + 57*p + 51. Determine c(15).
231
Let j(u) = -619*u - 12999. What is j(-21)?
0
Let w(c) = -90*c - 1371. Calculate w(-15).
-21
Let a(d) = -12*d**2 + 17*d - 4. Give a(2).
-18
Let a(o) = -o + 20. What is a(14)?
6
Let r(y) = y**2 + 48*y - 2195. Determine r(29).
38
Let n(u) = 13*u**2 + 65*u - 11. Calculate n(-7).
171
Let t(r) = 109*r**2 - 211*r - 3. Calculate t(2).
11
Let d(x) = 640*x + 19817. Determine d(-31).
-23
Let s(j) = 3883*j - 11675. Give s(3).
-26
Let v(m) = -4*m**2 + 211*m + 175. Give v(54).
-95
Let v(i) = i**3 + 21*i**2 - 34*i - 1591. Determine v(-18).
-7
Let q(l) = 76*l - 704. Give q(9).
-20
Let h(f) = f**3 - 31*f**2 - 72*f - 15. What is h(-2)?
-3
Let m(u) = u**3 - 22*u**2 - 127*u + 8. Give m(-5).
-32
Let c(m) = 10*m + 162. Give c(-21).
-48
Let v(g) = -g**2 - 46*g - 147. Calculate v(-18).
357
Let m(j) = -j**3 - 43*j**2 - 156*j - 67. Determine m(-39).
-67
Let f(q) = -q**2 - 10*q + 311. Give f(14).
-25
Let g(j) = j**3 + 3*j**2 - 65*j - 240. What is g(-3)?
-45
Let q(u) = -13*u + 592. Calculate q(47).
-19
Let z(t) = -t**3 + 12*t**2 + 10*t + 1. What is z(10)?
301
Let z(r) = r**3 - 15*r**2 + 24*r - 20. Determine z(11).
-240
Let o(q) = q**3 + 63*q**2 - 160*q - 70. What is o(3)?
44
Let h(q) = q**2 + 44*q + 182. Calculate h(-34).
-158
Let m(z) = -z**3 + 11*z**2 - 10*z + 1. Give m(10).
1
Let a(s) = -15*s**2 - 730*s - 469. Give a(-48).
11
Let i(t) = -69*t - 3519. Determine i(-51).
0
Let u(k) = -k**2 + 34*k + 51. Determine u(35).
16
Let d(k) = k**3 - 75*k**2 + 64*k + 755. Calculate d(74).
15
Let i(h) = 4*h - 175. Calculate i(44).
1
Let i(h) = 24*h**2 - 138*h - 63. What is i(6)?
-27
Let j(r) = -2*r**2 - 61*r - 10. Calculate j(-25).
265
Let k(v) = 2*v**2 - 55*v + 57. What is k(24)?
-111
Let c(i) = 3*i**2 - 341*i + 9635. What is c(61)?
-3
Let v(m) = 34*m + 18. Give v(-4).
-118
Let n(m) = -59*m - 2745. Calculate n(-47).
28
Let t(s) = 2*s**2 + 132*s - 989. Calculate t(7).
33
Let r(j) = 2*j**3 - 127*j**2 - 1386*j - 77. What is r(73)?
-4
Let j(m) = -74*m**2 - 1268*m + 9. What is j(-17)?
179
Let i(w) = -6*w**3 + 993*w**2 - 495*w - 8. Determine i(165).
-8
Let s(l) = l**3 + 26*l**2 + 22*l - 35. Determine s(-25).
40
Let q(y) = -y**3 - 19*y**2 - 61*y - 465. Calculate q(-17).
-6
Let h(r) = -r**3 - 18*r**2 + 33*r + 845. Calculate h(-17).
-5
Let h(t) = 6*t**2 + 651*t + 327. Give h(-108).
3
Let n(p) = -p**2 - 60*p - 848. Give n(-37).
3
Let c(r) = -43*r**3 - 17*r**2 + r + 3. What is c(2)?
-407
Let b(h) = 49*h + 3691. Give b(-76).
-33
Let l(c) = c**2 + 15*c - 454. Determine l(-30).
-4
Let t(l) = -3*l**2 - 27*l + 186. Determine t(5).
-24
Let h(d) = -d**3 + 27*d**2 + 104*d + 608. Give h(31).
-12
Let n(f) = 2*f**2 - 67*f - 5110. What is n(70)?
0
Let z(a) = -a**3 + 8*a**2 + 24*a - 1. What is z(9)?
134
Let t(c) = c**3 - 27*c**2 + 184*c - 67. Determine t(15).
-7
Let i(y) = 354*y + 11670. Calculate i(-33).
-12
Let k(v) = -5*v**2 + 436*v + 283. Determine k(88).
-69
Let i(t) = 2*t**2 - 1223*t - 13700. What is i(-11)?
-5
Let h(z) = -z**2 + 17*z + 135. Determine h(22).
25
Let o(b) = -119*b**2 - 14638*b - 162. What is o(-123)?
-39
Let p(w) = 13*w**2 + 9*w - 30. Determine p(3).
114
Let a(p) = -31*p - 1050. Calculate a(-34).
4
Let b(f) = 5*f**2 - 1495*f + 5910. Calculate b(295).
10
Let m(s) = 460*s + 14730. What is m(-32)?
10
Let p(v) = 25*v - 227. Give p(11).
48
Let t(l) = -2*l**3 - 90*l**2 + 88*l - 132. Calculate t(-46).
52
Let b(a) = a**2 - 148*a - 17612. Give b(-78).
16
Let p(a) = a**3 - 18*a**2 - 16*a - 60. Determine p(19).
-3
Let i(b) = -2*b**3 + 18*b**2 - 332*b + 1132. Determine i(4).
-36
Let q(l) = -7*l - 463. Calculate q(-67).
6
Let y(f) = -140*f + 107. What is y(5)?
-593
Let x(j) = -3*j**2 + 265*j - 544. Calculate x(86).
58
Let b(j) = -118*j**2 - 585*j + 17. Give b(-5).
-8
Let t(m) = m**3 - 10*m**2 - 8*m + 83. What is t(10)?
3
Let b(t) = -2*t**2 + 22*t - 123. Calculate b(8).
-75
Let u(g) = -g**3 - 2*g**2 - 30*g - 63. Give u(-2).
-3
Let z(v) = -v**2 - 8*v + 88. Give z(6).
4
Let y(v) = -v**3 - 3*v**2 + 114*v + 68. What is y(-12)?
-4
Let h(p) = 16*p + 1362. Give h(-111).
-414
Let l(q) = -q**3 + 46*q**2 + 170*q - 1204. Calculate l(49).
-77
Let j(l) = -11*l**3 + 21*l**2 - 25*l + 1. What is j(1)?
-14
Let z(j) = -j**2 + 133*j + 541. What is z(137)?
-7
Let c(t) = t**2 + 38*t + 226. What is c(-27)?
-71
Let s(y) = y**2 - 19*y - 46. Determine s(-4).
46
Let n(k) = 3*k**3 + 30*k**2 + 14*k - 50. What is n(-9)?
67
Let k(s) = s**3 - 52*s**2 + 5*s - 264. Give k(52).
-4
Let j(z) = 2*z**2 + 87*z + 635. Calculate j(-34).
-11
Let m(a) = -4480*a + 143356. What is m(32)?
-4
Let i(k) = 10*k**3 - 17*k**2 + 7*k - 8. Determine i(2).
18
Let o(s) = -86*s - 1903. Give o(-22).
-11
Let s(z) = -1554*z - 1538. Determine s(-1).
16
Let o(i) = 135*i - 1057. What is o(7)?
-112
Let r(v) = -10*v**2 + 81*v - 22. Give r(8).
-14
Let a(l) = l**3 - l**2 - l - 78. Give a(0).
-78
Let s(u) = 4852*u - 19402. What is s(4)?
6
Let i(m) = -m**2 + 45*m + 478. Give i(-9).
-8
Let q(m) = -182*m + 3086. Calculate q(17).
-8
Let b(v) = 7*v**2 - 37*v - 17. What is b(9)?
217
Let i(k) = 7*k**2 + 4*k - 17. What is i(-5)?
138
Let n(o) = -5*o**3 - 5*o**2 + 11*o + 18. Give n(-2).
16
Let o(w) = 3933*w - 43262. Determine o(11).
1
Let j(r) = 68*r - 423. Calculate j(12).
393
Let s(a) = -1727*a - 4981. Calculate s(-3).
200
Let r(s) = -s**3 - 2*s**2 - 33*s + 5. Determine r(0).
5
Let l(j) = -7*j - 242. Determine l(-38).
24
Let g(k) = 8*k**2 - 85*k + 229. Calculate g(5).
4
Let j(b) = -2*b**2 - 9*b - 21. Give j(-6).
-39
Let u(m) = 3*m**2 - 103*m + 805. Determine u(23).
23
Let o(s) = -25*s - 31. Give o(-2).
19
Let y(j) = -j**3 - 32*j**2 - 263*j - 475. Determine y(-20).
-15
Let t(z) = -z**3 + 164*z**2 - 15*z + 2451. Give t(164).
-9
Let p(a) = a**3 - 6*a**2 + 6*a + 6. Determine p(6).
42
Let h(k) = 30*k + 778. Determine h(-26).
-2
Let t(p) = -6*p**2 + 874*p - 2618. What is t(3)?
-50
Let o(g) = -2*g**3 - 27*g**2 - 28*g - 591. Calculate o(-14).
-3
Let z(j) = -12*j - 598. What is z(-52)?
26
Let a(p) = 527*p - 1051. Give a(2).
3
Let o(i) = -3*i**2 - 51*i - 167. What is o(-11)?
31
Let v(h) = -581*h + 5819. Give v(10).
9
Let u(y) = 100*y**2 - 7398*y - 146. What is u(74)?
2
Let c(f) = -f**2 + 181*f - 713. Determine c(4).
-5
Let s(k) = -40*k + 1095. What is s(28)?
-25
L